{"id":1690,"date":"2025-07-29T13:27:42","date_gmt":"2025-07-29T16:27:42","guid":{"rendered":"https:\/\/www.ciadoescritorio.com.br\/?post_type=product&#038;p=1690"},"modified":"2025-07-29T13:27:42","modified_gmt":"2025-07-29T16:27:42","slug":"estante-wind","status":"publish","type":"product","link":"https:\/\/www.ciadoescritorio.com.br\/?product=estante-wind","title":{"rendered":"ESTANTE WIND"},"content":{"rendered":"<p>&#8211; Estrutura em MDP 15mm de espessura com fita de borda PVC com 1mm de<br \/>\nespessura;<br \/>\n&#8211; Tr\u00eas prateleiras fixas em tamburato 37mm de espessura com fita de borda PVC<br \/>\ncom 1mm de espessura;<br \/>\n&#8211; Quatro sapatas pl\u00e1sticas;<br \/>\n&#8211; Fixa\u00e7\u00e3o com parafusos;<br \/>\n&#8211; Suporta 10Kg por prateleira distribuidos;<br \/>\n&#8211; Medidas do Produto: 492 x 492 x 723mm (CxPxA);<br \/>\n&#8211; Medidas da Embalagem: 740x565x145mm (01 Volume);<br \/>\n&#8211; Peso l\u00edquido 15,500Kg \/ Peso bruto 16,200Kg;<br \/>\n&#8211; Cubagem: 0,060m3<br \/>\n&#8211; Op\u00e7\u00f5es de acabamentos\/c\u00f3digos:<\/p>\n<p>5877 &#8211; OLMO<\/p>\n","protected":false},"excerpt":{"rendered":"<p>&#8211; Estrutura em MDP 15mm de espessura com fita de borda PVC com 1mm de espessura; &#8211; Tr\u00eas prateleiras fixas em tamburato 37mm de espessura com fita de borda PVC com 1mm de espessura; &#8211; Quatro sapatas pl\u00e1sticas; &#8211; Fixa\u00e7\u00e3o com parafusos; &#8211; Suporta 10Kg por prateleira distribuidos; &#8211; Medidas do Produto: 492 x 492 [&hellip;]<\/p>\n","protected":false},"featured_media":1698,"comment_status":"open","ping_status":"closed","template":"","meta":[],"product_brand":[],"product_cat":[39,28],"product_tag":[],"class_list":{"0":"post-1690","1":"product","2":"type-product","3":"status-publish","4":"has-post-thumbnail","6":"product_cat-estantes","7":"product_cat-moveis","9":"first","10":"instock","11":"shipping-taxable","12":"product-type-simple"},"_links":{"self":[{"href":"https:\/\/www.ciadoescritorio.com.br\/index.php?rest_route=\/wp\/v2\/product\/1690","targetHints":{"allow":["GET"]}}],"collection":[{"href":"https:\/\/www.ciadoescritorio.com.br\/index.php?rest_route=\/wp\/v2\/product"}],"about":[{"href":"https:\/\/www.ciadoescritorio.com.br\/index.php?rest_route=\/wp\/v2\/types\/product"}],"replies":[{"embeddable":true,"href":"https:\/\/www.ciadoescritorio.com.br\/index.php?rest_route=%2Fwp%2Fv2%2Fcomments&post=1690"}],"wp:featuredmedia":[{"embeddable":true,"href":"https:\/\/www.ciadoescritorio.com.br\/index.php?rest_route=\/wp\/v2\/media\/1698"}],"wp:attachment":[{"href":"https:\/\/www.ciadoescritorio.com.br\/index.php?rest_route=%2Fwp%2Fv2%2Fmedia&parent=1690"}],"wp:term":[{"taxonomy":"product_brand","embeddable":true,"href":"https:\/\/www.ciadoescritorio.com.br\/index.php?rest_route=%2Fwp%2Fv2%2Fproduct_brand&post=1690"},{"taxonomy":"product_cat","embeddable":true,"href":"https:\/\/www.ciadoescritorio.com.br\/index.php?rest_route=%2Fwp%2Fv2%2Fproduct_cat&post=1690"},{"taxonomy":"product_tag","embeddable":true,"href":"https:\/\/www.ciadoescritorio.com.br\/index.php?rest_route=%2Fwp%2Fv2%2Fproduct_tag&post=1690"}],"curies":[{"name":"wp","href":"https:\/\/api.w.org\/{rel}","templated":true}]}}